*a - 9*g, 323 = 4*a + l*g. What is the tens digit of a?
8
Suppose -q - 35 = 99. Let s = -122 - q. What is the units digit of s?
2
Suppose -2*a = 7*c - 11*c + 45014, 7 = a. What is the tens digit of c?
5
Let m be (-6)/30 - 2656/(-5). Suppose 4*g = g + m. Suppose 5*o - 877 = -g. What is the units digit of o?
0
Let d = -87 + 84. Let t be d/2*24/18*5. What is the tens digit of ((-4)/(32/164) + 2)*t?
8
Let x = 266 - 242. What is the hundreds digit of (3 - 0)*1528/x?
1
Suppose 0 = 200*c - 206*c + 576. Suppose 0 = -90*m + c*m - 3030. What is the tens digit of m?
0
Let j(v) = -3*v - 5. Suppose -5*d + 11 = 26. Let y be j(d). Suppose -y*p + 9*p - 394 = 3*q, -q = 5*p - 402. What is the tens digit of p?
8
Suppose 33*x = 9*x + 1368. Suppose n - 72 - x = 0. What is the hundreds digit of n?
1
Suppose -6*u + 3*u = -15. Suppose -c + u*c + 268 = 0. Let r = 201 + c. What is the tens digit of r?
3
Let j(s) = -s**3 + 6*s**2 + s - 5. Let f = -10 - -14. Let d be j(f). Suppose 287 = 3*i - d. What is the hundreds digit of i?
1
Let y(x) = x**2 - 12*x + 5. Let p be y(4). Let g = p - 50. What is the units digit of ((-140)/g - (-4)/22) + 4?
6
Suppose -28*j + 19*j + 7422 + 51357 = 0. What is the hundreds digit of j?
5
Suppose 5*o + 5*m + 155 = 0, 0 = 5*o - 2*m - 56 + 218. Let d be 82 + (8/o)/(1/(-4)). Let v = d + -3. What is the tens digit of v?
8
Let a = 2383 - 1183. Suppose 0 = 5*s - 1765 - a. What is the units digit of s?
3
Suppose 0 = 9*p - 14*p. Suppose n - 74 + 18 = p. What is the tens digit of 2842/n + (-1)/(-4)?
5
Let x be (3/6)/(2/(-4)). Let l(v) = -754*v - 3. What is the units digit of l(x)?
1
Suppose -14 - 1 = 3*w, -i + 565 = w. Suppose -6*f + i = -4*f. What is the hundreds digit of f?
2
Let o = -6108 + 16235. What is the ten thousands digit of o?
1
Suppose -6*k + 2*g = -2*k + 3100, 2*k + 2*g = -1562. Let u(q) = q**3 - 2*q**2 + 2*q - 3. Let j be u(2). What is the hundreds digit of 2*j*(k/(-14) + -3)?
1
Let h = 16 - 10. Suppose 0 = 4*q + r - 8, 5*r = -3*q + 16 - 10. What is the tens digit of (q - 57/h)*-2?
1
Let c(h) = 3508*h - 164. What is the hundreds digit of c(2)?
8
What is the units digit of 2 + (0 - 8) - (40 - 131)?
5
Let q be -31 - -34 - (-1 + 0 + -6). Suppose -4 = q*k - 44. Suppose c + 6*d - d = 64, k*d - 20 = 0. What is the units digit of c?
9
Let h be -5 + (-15)/(-9)*-111. What is the hundreds digit of ((-912)/h)/((-2)/(-95))?
2
Let d(z) = z**3 + 2*z**2 + 4. Let p be d(-3). Let b be p/20 - (-2)/((-8)/19). What is the tens digit of b/(135/(-6)) + (-196)/(-9)?
2
Suppose 681173 + 1325987 = 44*d + 32*d. What is the thousands digit of d?
6
Let o(k) = 254*k - 50. Let f be o(16). Suppose -11*b = -2*b - f. Let q = b - 246. What is the hundreds digit of q?
2
Suppose k + 4*k - 5355 = -p, 0 = 4*p - k - 21525. What is the tens digit of p?
8
Suppose 3*d + 57 = 3*x, 4*x - 3*d = -d + 66. Let g be 61272/126 - 4/x. Let u = g + -252. What is the hundreds digit of u?
2
Let k(l) = l**3 + l**2 + 2*l + 1. Let u be k(-2). Let m(a) = -201*a**2 - 1406*a + 11. Let w be m(-7). What is the units digit of w - (u/(14/(-468)))/(-1)?
8
Suppose 628 = -78*x + 4. What is the units digit of 60/x*(-374)/3?
5
Suppose -3*u - 4 = b + 11, -2*b = 2*u + 14. Let p be (-3 + (-39)/(-9))*b. What is the hundreds digit of 1/((-7)/196*p/22)?
1
Let b be -3 + (4 - ((-12 - -1) + -3)). Suppose -45*n = -b*n - 5550. What is the tens digit of n?
8
Suppose d = 3*o + 5255, 5*d + 5372 = 2*o + 31712. What is the hundreds digit of d?
2
Suppose 27558 = 3*p + 18*g - 13*g, -5*p = -5*g - 45970. What is the thousands digit of p?
9
Let i(s) = 1119*s**2 + 2*s. Let f be i(1). Let q = f - 785. What is the hundreds digit of q?
3
Suppose -263*i - 308789 = -7569430. What is the ten thousands digit of i?
2
Let d = 357 - -60. Let b = d + -230. Let u = b - 120. What is the tens digit of u?
6
Let q = -107205 - -152652. What is the tens digit of q?
4
Suppose -356632 - 62808 = -107*l. What is the thousands digit of l?
3
Suppose -10*j + 59935 = 21575. What is the units digit of j?
6
Suppose 0 = 9*p - 5*p - 24. Suppose -p*t + 145 = -341. Suppose t = 3*x + s - 133, -x = -3*s - 58. What is the units digit of x?
0
Suppose n + 20*i - 9064 = 18*i, 9062 = n + i. What is the thousands digit of n?
9
Suppose -3*n + j = 2*n + 455, 5*j + 425 = -5*n. What is the units digit of ((-60)/n)/(250/246 - 1)?
1
Let x = -135 - -126. Let y(g) = -g + 3. Let r be y(x). Suppose 645 = r*z + 3*z. What is the units digit of z?
3
Let l = 2696 + 4360. Suppose 72*o = 79*o - l. What is the units digit of o?
8
Let v(m) = m + 1. Suppose -l = 3*t - 10, -2*t - 27 + 12 = 5*l. Let d be v(l). What is the units digit of (-372)/d*8/12?
2
Suppose 2*v - 12268 = -5*y + 2141, -y + 2874 = 3*v. What is the hundreds digit of y?
8
Let i = 30666 - 17330. What is the tens digit of i?
3
Suppose -2*a - 527 - 15118 = -5*v, -4*v = -5*a - 12533. What is the thousands digit of v?
3
Let t(n) = n**3 - 3*n**2 + 24*n + 3130. What is the hundreds digit of t(0)?
1
Let s be 3 - (0 + -3 - -5). What is the units digit of 1*(48/(-24))/(s/(-63))?
6
Let g be (-2)/20 + (-661731)/(-210). Suppose 6*u + 3*h = 2*u + g, 0 = 5*u + h - 3947. What is the tens digit of u?
9
What is the units digit of 6/33 + 8/(-60) + 4974702/990?
5
Suppose 0 = -7*j + 35503 - 8175. Suppose 0 = 17*v - 26123 + j. What is the thousands digit of v?
1
Let h be (-2 - 0)*(-1)/(-4)*-820. Suppose 2*r = 64 + h. What is the hundreds digit of r?
2
What is the units digit of (1 - 0)*(-4 + 11634 + -2 + 3)?
1
Let c(r) be the second derivative of -3*r**5/20 - 5*r**4/6 + 5*r**3/6 + 3*r**2 + r + 93. What is the tens digit of c(-5)?
0
Suppose 4*a = 46*a + 34*a - 2193132. What is the thousands digit of a?
8
What is the ten thousands digit of 105/21*13367/5?
1
Let z = 163 - 159. Let k(u) = u**2 + 4. Let t be k(0). Suppose -4*n - 5*h + 306 = 0, -3*h + 294 = t*n - z*h. What is the tens digit of n?
7
Let f be (-10)/2 + (-210)/(-30). What is the units digit of 583 + 2 + f - -6?
3
Let t be 0*(-1)/5 - (-2 - 2). What is the units digit of ((-32)/(-14) - t/14) + 31?
3
What is the units digit of (-5)/6 + 1 - -6*204115/180?
4
Let o = 438 + 10391. What is the units digit of o?
9
Let s(w) be the third derivative of w**5/20 - w**4/6 + 11*w**3/6 - 5*w**2 - 5. What is the tens digit of s(-8)?
3
Suppose 46*r - 10 = 51*r. Let m be ((r - -4)*4)/2. Suppose 2*u = m*t - 20 + 52, 3*u + 3*t - 75 = 0. What is the units digit of u?
2
Suppose -163*b + 167*b = 42996. What is the thousands digit of b?
0
Suppose -177*j + 203*j = 117650. What is the thousands digit of j?
4
Let i(o) = 5*o**2 - 14*o + 593. What is the units digit of i(-37)?
6
Suppose -278245 = -129*b + 531793 + 61228. What is the thousands digit of b?
6
Let i(n) = 2*n**3 - 35*n**2 - 227*n - 40. What is the tens digit of i(31)?
7
Let s = -4623 - -9274. What is the units digit of s?
1
What is the hundreds digit of (-14 + -258)/17*(-241 + 0)?
8
Let i(g) = -9*g**3 - 4*g**2 - 13*g + 3. Let l be i(-3). What is the tens digit of l/2*(-230)/(-69)?
1
Suppose 2*u - 111661 = -5974*m + 5971*m, -4*m + 5*u = -148820. What is the hundreds digit of m?
2
Suppose 17*h = 19*h - 4. Suppose 423 = h*u + 87. What is the units digit of u?
8
Let a be 1*1019/2 - 10/(-20). Let t = a + -183. What is the units digit of t?
7
Suppose 3267750 = 263*s - 2738907. What is the tens digit of s?
3
Let n be (51 - 11)/((4/(-5))/2). What is the hundreds digit of (283/4)/(-6 + n/(-16))?
2
Suppose -2*n + 4*n = f + 13, -4*f = 20. Suppose l + 2*b = -0*b, -n*l + 3*b = -44. Suppose -4*y = -l*y + 208. What is the units digit of y?
2
Suppose -11*p + 9692 = -6859 - 89731. What is the tens digit of p?
6
Let w(i) = -7*i - 2. Let f be w(-1). Suppose 3*q = m - 0*q - 1064, f*m - 5340 = 5*q. What is the hundreds digit of (m/5 - 0) + 1?
2
Let k = 260 - 245. What is the hundreds digit of (2 + k/(-3))*(7 - 196)?
5
Suppose 302*o - 343*o + 311272 = 0. What is the units digit of o?
2
Suppose 0 = -3*f - 457 - 224. Let g = 545 + f. What is the hundreds digit of g?
3
Suppose 5*t = -26*t - 37510. Let j = 1722 + t. What is the tens digit of j?
1
Let z(t) = 6*t - 18. Let m be z(13). Let p(u) = -5*u**2 + 104*u - 17. Let g be p(21). Let h = g + m. What is the units digit of h?
2
Let d = -6708 + 12541. What is the units digit of d?
3
Suppose -6508 = 36*b + 5768. Let k = b - -118